 - 1100?
-2042
In base 4, what is 2232 - 33?
2133
In base 10, what is -32683 - -5?
-32678
In base 4, what is 1030031010 - 10?
1030031000
In base 10, what is 173037 + -3?
173034
In base 7, what is -314330 + 4?
-314323
In base 4, what is -33013311 - 1?
-33013312
In base 12, what is -189413 + -5?
-189418
In base 10, what is -647 + 563?
-84
In base 13, what is 85 + -82a?
-775
In base 13, what is 57a + 12?
58c
In base 7, what is -5 - -30123?
30115
In base 7, what is -4 - 42635?
-42642
In base 6, what is 22 + 4053321?
4053343
In base 3, what is -21211120 - 2001?
-21220121
In base 6, what is -200 + -24344?
-24544
In base 5, what is 4 + -1041220?
-1041211
In base 16, what is ff - -27?
126
In base 8, what is 1 + 2533?
2534
In base 6, what is 1 + 222335?
222340
In base 9, what is 153445 - -23?
153468
In base 3, what is 100 - 20101212?
-20101112
In base 5, what is 330123 - -330?
331003
In base 13, what is 3b38a - 5?
3b385
In base 5, what is 1 - -231442?
231443
In base 12, what is 3 + 39ba6?
39ba9
In base 15, what is -16ca - 0?
-16ca
In base 5, what is 30 - 144020?
-143440
In base 6, what is -1 - -131200?
131155
In base 8, what is -215 - 357?
-574
In base 12, what is 5a94 - 23?
5a71
In base 12, what is aba5 + -1?
aba4
In base 12, what is 1556 + -20?
1536
In base 3, what is -202 + -1020121?
-1021100
In base 13, what is -7b6 + -3?
-7b9
In base 5, what is 21224 + -14?
21210
In base 15, what is -7ce - 7b?
-85a
In base 7, what is 1025 + 2641?
3666
In base 5, what is 1311 + -211113?
-204302
In base 9, what is 0 + -28381?
-28381
In base 5, what is -43400 + 2?
-43343
In base 16, what is 8238 - -5?
823d
In base 12, what is -371b8 - 1?
-371b9
In base 5, what is -10 - -313034?
313024
In base 12, what is 793 + 44?
817
In base 4, what is 21100300 - -10?
21100310
In base 14, what is -1 - 751?
-752
In base 5, what is 2443 - -304?
3302
In base 11, what is 23 + 74586?
745a9
In base 7, what is -310 + 112?
-165
In base 16, what is 148 + -7f0?
-6a8
In base 15, what is 1e579 - -5?
1e57e
In base 13, what is a1a - -a?
a27
In base 3, what is 2 - -11112011220?
11112011222
In base 13, what is -3 - -47502?
474cc
In base 14, what is -7 - 922a?
-9233
In base 7, what is 3 - -1552451?
1552454
In base 11, what is -3761 + 4?
-3758
In base 5, what is 1203413 + 204?
1204122
In base 13, what is -54 - 3a0?
-424
In base 9, what is -21 + -23863?
-23884
In base 6, what is -11255 + 2440?
-4415
In base 7, what is 1266365 - -52?
1266450
In base 6, what is 331321 - 13?
331304
In base 5, what is 2040 + 1141303?
1143343
In base 5, what is 3 + -12041443?
-12041440
In base 15, what is 54b94 + -1?
54b93
In base 13, what is -c - -5c3?
5b4
In base 8, what is 34641 - 0?
34641
In base 13, what is -4a + 4492?
4445
In base 7, what is 60 + -3253?
-3163
In base 9, what is -65 + 130?
54
In base 10, what is -24 + -25672?
-25696
In base 11, what is 37 - -7424?
7460
In base 11, what is -3 - -15467?
15464
In base 9, what is -4 + 63572?
63567
In base 6, what is 25445 + -20?
25425
In base 2, what is -11101100 - 110111?
-100100011
In base 6, what is 315104 + -4?
315100
In base 10, what is 136986 - 5?
136981
In base 15, what is 44016 - -4?
4401a
In base 9, what is -5 + 506627?
506622
In base 2, what is -10000100 - 1000001?
-11000101
In base 3, what is -22222 - 101?
-100100
In base 2, what is 10110 + 10001000110000?
10001001000110
In base 11, what is -89 - 4169?
-4247
In base 10, what is -152 - 748?
-900
In base 10, what is -3 - 32090?
-32093
In base 4, what is -10000213033 - -2?
-10000213031
In base 11, what is -6 + 7771?
7766
In base 2, what is 10010 - -101100100111?
101100111001
In base 2, what is 101 + 110111100100011101?
110111100100100010
In base 6, what is -143 + 21415?
21232
In base 7, what is 23 - 124?
-101
In base 15, what is -16414 - 0?
-16414
In base 5, what is 142320 + 1223?
144043
In base 3, what is 1 - -202011110?
202011111
In base 14, what is 2c + c6a?
c98
In base 8, what is 117772 + -4?
117766
In base 5, what is -12 + 223041?
223024
In base 4, what is 3 - 2112032?
-2112023
In base 3, what is 12020 - 11021012?
-11001222
In base 12, what is -3 + 116096?
116093
In base 9, what is 2113018 + -4?
2113014
In base 11, what is -2 + -45551?
-45553
In base 5, what is -1 - -1243421?
1243420
In base 9, what is -3 - 13755?
-13758
In base 14, what is d3888 + 7?
d3891
In base 13, what is -2 - 12750?
-12752
In base 12, what is -315 - -314?
-1
In base 4, what is -322033210 - -2?
-322033202
In base 3, what is -1211111211 - 12?
-1211112000
In base 6, what is -1 + 153053?
153052
In base 16, what is -4 - 214fa?
-214fe
In base 12, what is 1458 + -147?
1311
In base 13, what is -4a6 - -26?
-480
In base 10, what is 85 + 172?
257
In base 11, what is 64 - 15343?
-1528a
In base 5, what is -1024 + -1410142?
-1411221
In base 12, what is 5 + -61b3?
-61aa
In base 12, what is 0 - -60474?
60474
In base 7, what is -115406 + -36?
-115445
In base 8, what is 20464 + -2?
20462
In base 9, what is -75 + -10237?
-10323
In base 9, what is -176 - -1008?
722
In base 16, what is 91dff6 + -4?
91dff2
In base 15, what is 1a6 + -7d?
128
In base 16, what is 5 - -9cb6?
9cbb
In base 14, what is -4 + 3587?
3583
In base 2, what is -110110110100001 - -100?
-110110110011101
In base 15, what is -107261e + 0?
-107261e
In base 5, what is -304214 - -23?
-304141
In base 9, what is -11537 + -28?
-11566
In base 2, what is -11011111 - -10110011101110?
10110000001111
In base 5, what is -122304142 + 13?
-122304124
In base 11, what is -22 - -575?
553
In base 3, what is -12 + 102101102211?
102101102122
In base 7, what is -6003 + -123?
-6126
In base 15, what is 3 - 10d11?
-10d0d
In base 11, what is -9a92 - -1a?
-9a73
In base 3, what is -101020121010 + 10?
-101020121000
In base 6, what is -204315 + -23?
-204342
In base 11, what is -31 + -10630?
-10661
In base 3, what is -1220101110 - -101?
-1220101002
In base 15, what is -1 - 8362?
-8363
In base 15, what is 0 + 60a29?
60a29
In base 5, what is 2 + -1342002?
-1342000
In base 6, what is -151 - -13335?
13144
In base 4, what is 0 + -1333111320?
-1333111320
In base 8, what is 10554 - 10?
10544
In base 10, what is 2 - -841241?
841243
In base 8, what is -1 - 5035?
-5036
In base 10, what is -1740 - 137?
-1877
In base 10, what is 1303 + -511?
792
In base 6, what is -132 + 4435?
4303
In base 2, what is -1111101010 - 100010110?
-10100000000
In base 9, what is -36 - 2036?
-2073
In base 12, what is 733b3 - 0?
733b3
In base 15, what is 6a + 1a?
85
In base 6, what is -15 + -2330135?
-2330154
In base 2, what is -1001110011001 + -111?
-1001110100000
In base 6, what is 1435 + -245?
1150
In base 16, what is a16 + 7e?
a94
In base 13, what is 68 - -26b8?
2753
In base 4, what is 2 - 2020303?
-2020301
In base 6, what is 411 - 5243?
-4432
In base 11, what is 6 + 4357?
4362
In base 10, what is 9576 - 0?
9576
In base 5, what is -10411044 - 0?
-10411044
In base 2, what is -11110011001101101 + 0?
-11110011001101101
In base 9, what is -1 + -3640?
-3641
In base 14, what is -491 + -43?
-4d4
In base 7, what is -20640 + -13?
-20653
In base 2, what is -1 + 11100000110011?
11100000110010
In base 13, what is -65 - 199?
-231
In base 10, what is 9470 + -5?
9465
In base 9, what is -706834 - 2?
-706836
In base 12, what is 7877 - -3?
787a
In base 12, what is -32b7 - -320?
-2b97
In base 11, what is 20113 - -4?
20117
In base 2, what is 10010010 + -10010110?
-100
In base 3, what is -1112002 + -102?
-1112111
In base 16, what is 2 + 17ce?
17d0
In base 6, what is 100 - 14523?
-14423
In base 4, what is -2222032322 + 0?
-2222032322
In base 13, what is 4 + -1aa33?
-1aa2c
In base 4, what is -11231 + -1010331?
-1022222
In base 11, what is -5 + 237641?
237637
In base 4, what is 2213123313 - 0?
2213123313
In base 3, what is -102020221 - 10?
-102021001
In base 6, what is -135 - 11332?
-11511
In base 8, what is 10 + 12514?
12524
In base 14, what is 1 + -32aad?
-32aac
In base 8, what is 10 + -25542?
-25532
In base 3, what is -1000001011 - -12002?
-222212002
In base 5, what is 4002011 + -3?
4002003
In base 11, what is -834 + -1a?
-853
In base 6, what is 1105 + 233153?
234302
In base 10, what is -4 - -8483?
8479
In base 4, what is 2 + 130123102?
130123110
In base 2, what is 110001000000 - 11010?
110000100110
In base 5, what is -11104 - 4130?
-20234
In base 13, what is 2426 - 306